{"id":930,"date":"2021-04-08T20:49:39","date_gmt":"2021-04-08T20:49:39","guid":{"rendered":"https:\/\/inplasor.leopardo.dshosting.es\/?post_type=product&#038;p=930"},"modified":"2021-09-02T19:59:22","modified_gmt":"2021-09-02T19:59:22","slug":"mamparas-2","status":"publish","type":"product","link":"https:\/\/www.inplasor.es\/english\/producto\/mamparas-2\/","title":{"rendered":"PROTECTIVE SCREENS"},"content":{"rendered":"<p>PET 4mm y 5mm Env\u00edo en 24-48 horas F\u00e1cil montaje Descuento por cantidad Gran variedad de medidas Posibilidad de fabricaci\u00f3n a medida F\u00e1cil limpieza Protecci\u00f3n COVID Portes 5\u20ac pen\u00ednsula Iva no incluido<\/p>\n","protected":false},"excerpt":{"rendered":"<p>4mm-5mm PET<br \/>\n24-48 hour delivery service<br \/>\nEasy installation<br \/>\nquantity discount<br \/>\nFull range of sizes<br \/>\nPossibility of customised manufacture<br \/>\nEasy cleaning<br \/>\nAnti-contagion<br \/>\nShipping 5\u20ac Iberian Peninsula<br \/>\nVAT not included<br \/>\nColour grip<\/p>\n","protected":false},"featured_media":922,"comment_status":"open","ping_status":"closed","template":"","meta":{"_et_pb_use_builder":"off","_et_pb_old_content":"PET 4mm y 5mm\r\nEnv\u00edo en 24-48 horas\r\nF\u00e1cil montaje\r\nDescuento por cantidad\r\nGran variedad de medidas\r\nPosibilidad de fabricaci\u00f3n a medida\r\nF\u00e1cil limpieza\r\nProtecci\u00f3n COVID\r\nPortes 5\u20ac pen\u00ednsula\r\nIva no incluido","_et_gb_content_width":""},"product_cat":[23],"product_tag":[],"_links":{"self":[{"href":"https:\/\/www.inplasor.es\/english\/wp-json\/wp\/v2\/product\/930"}],"collection":[{"href":"https:\/\/www.inplasor.es\/english\/wp-json\/wp\/v2\/product"}],"about":[{"href":"https:\/\/www.inplasor.es\/english\/wp-json\/wp\/v2\/types\/product"}],"replies":[{"embeddable":true,"href":"https:\/\/www.inplasor.es\/english\/wp-json\/wp\/v2\/comments?post=930"}],"wp:featuredmedia":[{"embeddable":true,"href":"https:\/\/www.inplasor.es\/english\/wp-json\/wp\/v2\/media\/922"}],"wp:attachment":[{"href":"https:\/\/www.inplasor.es\/english\/wp-json\/wp\/v2\/media?parent=930"}],"wp:term":[{"taxonomy":"product_cat","embeddable":true,"href":"https:\/\/www.inplasor.es\/english\/wp-json\/wp\/v2\/product_cat?post=930"},{"taxonomy":"product_tag","embeddable":true,"href":"https:\/\/www.inplasor.es\/english\/wp-json\/wp\/v2\/product_tag?post=930"}],"curies":[{"name":"wp","href":"https:\/\/api.w.org\/{rel}","templated":true}]}}